{"id":485,"date":"2020-11-22T15:46:16","date_gmt":"2020-11-22T15:46:16","guid":{"rendered":"https:\/\/new.tt-groebenzell.de\/?page_id=485"},"modified":"2025-04-28T18:58:32","modified_gmt":"2025-04-28T18:58:32","slug":"vereinsmeisterschaft-2019","status":"publish","type":"page","link":"https:\/\/tt-groebenzell.de\/index.php\/vereinsmeisterschaft-2019\/","title":{"rendered":"Vereinsmeisterschaft 2019"},"content":{"rendered":"\n<p>Unsere diesj\u00e4hrige Vereinsmeisterschaft 2019 der Erwachsenen, fand am 16. November statt. Es nahmen insgesamt 20 Spieler teil.<\/p>\n\n\n\n<p>Im Einzel konnte Per-Sonne Holm den Titel des Vereinsmeisters vor G\u00fcnter Gabriel erringen. Den dritten Platz belegte Corbinian Naucke.<\/p>\n\n\n\n<p>Wir danken Werner Bergmann und Wolfgang Zimolong f\u00fcr die gute Organisation und Durchf\u00fchrung des Turniers, und gratulieren den Teilnehmern recht herzlich !<\/p>\n\n\n\n<p>Die Doppel &#8211; Vereinsmeisterschaft wird im Rahmen unseres Trainings am 03. Januar ausgetragen.<\/p>\n\n\n\n<p>Unsere diesj\u00e4hrige Doppel &#8211; Vereinsmeisterschaft f\u00fchren wir im Rahmen unseres Trainings am 03. Januar 2020 durch. Es beteiligten sich insgesamt 20 Spieler, also 10 Doppel.<\/p>\n\n\n\n<p>Den Titel des Vereinsmeisters im Doppel erk\u00e4mpften sich Corbinian Naucke\/Werner Bergmann vor Antonio de Angel Gutierrez\/Alexander Brunhuber. Dritter wurde das Doppel Eddie Kim\/Stefan Plendel.<\/p>\n\n\n\n<p>Linus Kammermeier Jugend-Vereinsmeister 2019<\/p>\n\n\n\n<p>Die diesj\u00e4hrige Vereinsmeisterschaft der Jugend wurde im Modus Jeder gegen Jeden ausgetragen. Von Beginn an entwickelte sich ein Dreikampf zwischen Titelverteidiger Benedikt Schwarzgruber, Linus Kammermeier und Marco Ammerl. Erst zum Ende des Turniers wurde daraus ein Zweikampf, da Marco sowohl gegen Linus als auch gegen Bene knapp mit jeweils 2:3 S\u00e4tzen als Verlierer von der Platte ging. Erst in der letzten Runde fiel die Entscheidung um den Vereinsmeister, da es dann zum direkten Aufeinandertreffen der bisher Ungeschlagenen kam. Dabei f\u00fchrte Linus bereits mit 2:0 S\u00e4tzen, bevor Bene den Satzausgleich schaffte. Im entscheidenden f\u00fcnften Satz f\u00fchrte Linus bereits mit 10:6 Punkten. Bene gab sich jedoch nicht geschlagen, kam in die Verl\u00e4ngerung, vergab eigene Matchb\u00e4lle und mu\u00dfte sich mit 17:15 doch geschlagen geben.<\/p>\n\n\n\n<p>Im Doppel kam es zum Favoritensieg von Linus Kammermeier\/ Benedikt Schwarzgruber die sich keine Bl\u00f6\u00dfe gaben und ungeschlagen blieben. Den 2.Platz belegten Marco Ammerl\/ Sebastian Schwarzgruber vor Jesper Egeling\/Francesco Mendel.<\/p>\n\n\n\n<p>Wolfgang Zimolong<\/p>\n\n\n\n<ul class=\"wp-block-list\"><li><a href=\"https:\/\/tt-groebenzell.de\/wp-content\/uploads\/2020\/11\/Vereinsmeisterschaft2019_Gruppe.pdf\" target=\"_blank\" rel=\"noreferrer noopener\">Herren Ergebnisse Gruppenrunde<\/a><\/li><li><a href=\"https:\/\/tt-groebenzell.de\/wp-content\/uploads\/2020\/11\/Vereinsmeisterschaft2019_Finalrunde.pdf\" target=\"_blank\" rel=\"noreferrer noopener\">Herren Ergebnisse Finalrunde<\/a><\/li><li><a href=\"https:\/\/tt-groebenzell.de\/wp-content\/uploads\/2020\/11\/Vereinsmeisterschaft2019_Doppel.pdf\" target=\"_blank\" rel=\"noreferrer noopener\">Herren Ergebnisse Doppel<\/a><\/li><\/ul>\n\n\n\n<figure class=\"wp-block-gallery columns-1 is-cropped wp-block-gallery-1 is-layout-flex wp-block-gallery-is-layout-flex\"><ul class=\"blocks-gallery-grid\"><li class=\"blocks-gallery-item\"><figure><img decoding=\"async\" src=\"https:\/\/tt-groebenzell.de\/wp-content\/uploads\/2020\/11\/VM2019_1.jpg\" alt=\"\" data-id=\"489\" data-full-url=\"https:\/\/tt-groebenzell.de\/wp-content\/uploads\/2020\/11\/VM2019_1.jpg\" data-link=\"https:\/\/tt-groebenzell.de\/?attachment_id=489#main\" class=\"wp-image-489\"\/><\/figure><\/li><li class=\"blocks-gallery-item\"><figure><img decoding=\"async\" src=\"https:\/\/tt-groebenzell.de\/wp-content\/uploads\/2020\/11\/VM2019_2.jpg\" alt=\"\" data-id=\"490\" data-full-url=\"https:\/\/tt-groebenzell.de\/wp-content\/uploads\/2020\/11\/VM2019_2.jpg\" data-link=\"https:\/\/tt-groebenzell.de\/?attachment_id=490#main\" class=\"wp-image-490\"\/><\/figure><\/li><li class=\"blocks-gallery-item\"><figure><img decoding=\"async\" src=\"https:\/\/tt-groebenzell.de\/wp-content\/uploads\/2020\/11\/VM2019_3.jpg\" alt=\"\" data-id=\"491\" data-full-url=\"https:\/\/tt-groebenzell.de\/wp-content\/uploads\/2020\/11\/VM2019_3.jpg\" data-link=\"https:\/\/tt-groebenzell.de\/?attachment_id=491#main\" class=\"wp-image-491\"\/><\/figure><\/li><li class=\"blocks-gallery-item\"><figure><img decoding=\"async\" src=\"https:\/\/tt-groebenzell.de\/wp-content\/uploads\/2020\/11\/VM2019_4.jpg\" alt=\"\" data-id=\"492\" data-full-url=\"https:\/\/tt-groebenzell.de\/wp-content\/uploads\/2020\/11\/VM2019_4.jpg\" data-link=\"https:\/\/tt-groebenzell.de\/?attachment_id=492#main\" class=\"wp-image-492\"\/><\/figure><\/li><li class=\"blocks-gallery-item\"><figure><img decoding=\"async\" src=\"https:\/\/tt-groebenzell.de\/wp-content\/uploads\/2020\/11\/VM2019_5.jpg\" alt=\"\" data-id=\"493\" data-full-url=\"https:\/\/tt-groebenzell.de\/wp-content\/uploads\/2020\/11\/VM2019_5.jpg\" data-link=\"https:\/\/tt-groebenzell.de\/?attachment_id=493#main\" class=\"wp-image-493\"\/><\/figure><\/li><\/ul><\/figure>\n","protected":false},"excerpt":{"rendered":"<p>Unsere diesj\u00e4hrige Vereinsmeisterschaft 2019 der Erwachsenen, fand am 16. November statt. Es nahmen insgesamt 20 Spieler teil. Im Einzel konnte Per-Sonne Holm den Titel des Vereinsmeisters vor G\u00fcnter Gabriel erringen. Den dritten Platz belegte Corbinian Naucke. Wir danken Werner Bergmann und Wolfgang Zimolong f\u00fcr die gute Organisation und Durchf\u00fchrung des Turniers, und gratulieren den Teilnehmern &#8230; <a title=\"Vereinsmeisterschaft 2019\" class=\"read-more\" href=\"https:\/\/tt-groebenzell.de\/index.php\/vereinsmeisterschaft-2019\/\" aria-label=\"Mehr Informationen \u00fcber Vereinsmeisterschaft 2019\">Weiterlesen<\/a><\/p>\n","protected":false},"author":1,"featured_media":0,"parent":0,"menu_order":0,"comment_status":"closed","ping_status":"closed","template":"","meta":{"footnotes":""},"class_list":["post-485","page","type-page","status-publish"],"_links":{"self":[{"href":"https:\/\/tt-groebenzell.de\/index.php\/wp-json\/wp\/v2\/pages\/485","targetHints":{"allow":["GET"]}}],"collection":[{"href":"https:\/\/tt-groebenzell.de\/index.php\/wp-json\/wp\/v2\/pages"}],"about":[{"href":"https:\/\/tt-groebenzell.de\/index.php\/wp-json\/wp\/v2\/types\/page"}],"author":[{"embeddable":true,"href":"https:\/\/tt-groebenzell.de\/index.php\/wp-json\/wp\/v2\/users\/1"}],"replies":[{"embeddable":true,"href":"https:\/\/tt-groebenzell.de\/index.php\/wp-json\/wp\/v2\/comments?post=485"}],"version-history":[{"count":1,"href":"https:\/\/tt-groebenzell.de\/index.php\/wp-json\/wp\/v2\/pages\/485\/revisions"}],"predecessor-version":[{"id":5786,"href":"https:\/\/tt-groebenzell.de\/index.php\/wp-json\/wp\/v2\/pages\/485\/revisions\/5786"}],"wp:attachment":[{"href":"https:\/\/tt-groebenzell.de\/index.php\/wp-json\/wp\/v2\/media?parent=485"}],"curies":[{"name":"wp","href":"https:\/\/api.w.org\/{rel}","templated":true}]}}