{"id":1485,"date":"2022-11-28T21:17:44","date_gmt":"2022-11-28T21:17:44","guid":{"rendered":"https:\/\/tt-groebenzell.de\/?page_id=1485"},"modified":"2022-11-28T21:17:45","modified_gmt":"2022-11-28T21:17:45","slug":"vereinsmeisterschaft-2022","status":"publish","type":"page","link":"https:\/\/tt-groebenzell.de\/index.php\/vereinsmeisterschaft-2022\/","title":{"rendered":"Vereinsmeisterschaft 2022"},"content":{"rendered":"\n<p>Unsere traditionellen Club-Meisterschaften fanden am Samstag den 19.November statt und es meldete sich ein illustres Teilnehmerfeld:<\/p>\n\n\n\n<figure class=\"wp-block-image size-large\"><img loading=\"lazy\" decoding=\"async\" width=\"1024\" height=\"461\" src=\"https:\/\/tt-groebenzell.de\/wp-content\/uploads\/2022\/11\/20221119_Teilnehmer-1024x461.jpg\" alt=\"\" class=\"wp-image-1486\" srcset=\"https:\/\/tt-groebenzell.de\/wp-content\/uploads\/2022\/11\/20221119_Teilnehmer-1024x461.jpg 1024w, https:\/\/tt-groebenzell.de\/wp-content\/uploads\/2022\/11\/20221119_Teilnehmer-300x135.jpg 300w, https:\/\/tt-groebenzell.de\/wp-content\/uploads\/2022\/11\/20221119_Teilnehmer-768x346.jpg 768w, https:\/\/tt-groebenzell.de\/wp-content\/uploads\/2022\/11\/20221119_Teilnehmer-1536x691.jpg 1536w, https:\/\/tt-groebenzell.de\/wp-content\/uploads\/2022\/11\/20221119_Teilnehmer-2048x922.jpg 2048w\" sizes=\"auto, (max-width: 1024px) 100vw, 1024px\" \/><\/figure>\n\n\n\n<p>Die Losung ergab 2 ausgeglichen besetzte Sechsergruppen, in denen die Teilnehmer \u201eJeder gg. Jeden\u201c antragen. Trotz der einen oder anderen \u00dcberraschung in der Gruppenphase konnten sich am Ende doch die favorisierten Spieler durchsetzen. Die Teilnehmer, die auch in der Punktspielrangliste h\u00f6her platziert sind, erreichten \u00fcber die beiden ersten Pl\u00e4tze in der Gruppe die beiden Halbfinals.<\/p>\n\n\n\n<p>Im ersten Halbfinale siegte in der Wiederauflage des letzt-j\u00e4hrigen Finales der Titelverteidiger Benedikt Schwarzgruber klar und deutlich gegen Werner Bergmann.<\/p>\n\n\n\n<p>Das zweite Halbfinale war eine wesentlich knappere Angelegenheit und Roland B\u00f6ck gelang hier eine bemerkenswerte \u00dcberraschung: Der Spieler der 2. Mannschaft bezwang Corbinian Naucke mit sicherem Block- und Konterspiel und setzte sich in 4 \u00e4u\u00dferst knappen S\u00e4tzen gegen den Mannschaftsf\u00fchrer der 1. Mannschaft durch.<\/p>\n\n\n\n<p>Die beiden Finals waren am Ende eines Turniers mit vielen interessanten Spielen eine relativ klare Sache f\u00fcr die j\u00fcngeren Spieler: Corbinian sicherte sich gegen Werner den 3. Platz auf dem Treppchen. Und Benedikt konnte im Finale seinen Titel souver\u00e4n gegen Roland verteidigen.<\/p>\n\n\n\n<figure class=\"wp-block-image size-large\"><img loading=\"lazy\" decoding=\"async\" width=\"1024\" height=\"599\" src=\"https:\/\/tt-groebenzell.de\/wp-content\/uploads\/2022\/11\/20221119_Sieger-1024x599.jpg\" alt=\"\" class=\"wp-image-1487\" srcset=\"https:\/\/tt-groebenzell.de\/wp-content\/uploads\/2022\/11\/20221119_Sieger-1024x599.jpg 1024w, https:\/\/tt-groebenzell.de\/wp-content\/uploads\/2022\/11\/20221119_Sieger-300x176.jpg 300w, https:\/\/tt-groebenzell.de\/wp-content\/uploads\/2022\/11\/20221119_Sieger-768x449.jpg 768w, https:\/\/tt-groebenzell.de\/wp-content\/uploads\/2022\/11\/20221119_Sieger-1536x899.jpg 1536w, https:\/\/tt-groebenzell.de\/wp-content\/uploads\/2022\/11\/20221119_Sieger.jpg 1646w\" sizes=\"auto, (max-width: 1024px) 100vw, 1024px\" \/><\/figure>\n\n\n\n<p>Herzlichen Gl\u00fcckwunsch allen drei Siegern!<\/p>\n\n\n\n<p>Hier der link zu den Ergebnissen im Einzelnen:\u00a0 <a href=\"https:\/\/tt-groebenzell.de\/wp-content\/uploads\/2022\/11\/SCG_TT_VM_2022-pdf-212x300.jpg\" data-type=\"URL\" data-id=\"https:\/\/tt-groebenzell.de\/wp-content\/uploads\/2022\/11\/SCG_TT_VM_2022-pdf-212x300.jpg\" target=\"_blank\" rel=\"noreferrer noopener\">Ergebnisse VM2022<\/a><\/p>\n\n\n\n<p>WB<\/p>\n","protected":false},"excerpt":{"rendered":"<p>Unsere traditionellen Club-Meisterschaften fanden am Samstag den 19.November statt und es meldete sich ein illustres Teilnehmerfeld: Die Losung ergab 2 ausgeglichen besetzte Sechsergruppen, in denen die Teilnehmer \u201eJeder gg. Jeden\u201c antragen. Trotz der einen oder anderen \u00dcberraschung in der Gruppenphase konnten sich am Ende doch die favorisierten Spieler durchsetzen. Die Teilnehmer, die auch in der &#8230; <a title=\"Vereinsmeisterschaft 2022\" class=\"read-more\" href=\"https:\/\/tt-groebenzell.de\/index.php\/vereinsmeisterschaft-2022\/\" aria-label=\"Mehr Informationen \u00fcber Vereinsmeisterschaft 2022\">Weiterlesen<\/a><\/p>\n","protected":false},"author":7,"featured_media":0,"parent":0,"menu_order":0,"comment_status":"closed","ping_status":"closed","template":"","meta":{"footnotes":""},"class_list":["post-1485","page","type-page","status-publish"],"_links":{"self":[{"href":"https:\/\/tt-groebenzell.de\/index.php\/wp-json\/wp\/v2\/pages\/1485","targetHints":{"allow":["GET"]}}],"collection":[{"href":"https:\/\/tt-groebenzell.de\/index.php\/wp-json\/wp\/v2\/pages"}],"about":[{"href":"https:\/\/tt-groebenzell.de\/index.php\/wp-json\/wp\/v2\/types\/page"}],"author":[{"embeddable":true,"href":"https:\/\/tt-groebenzell.de\/index.php\/wp-json\/wp\/v2\/users\/7"}],"replies":[{"embeddable":true,"href":"https:\/\/tt-groebenzell.de\/index.php\/wp-json\/wp\/v2\/comments?post=1485"}],"version-history":[{"count":1,"href":"https:\/\/tt-groebenzell.de\/index.php\/wp-json\/wp\/v2\/pages\/1485\/revisions"}],"predecessor-version":[{"id":1489,"href":"https:\/\/tt-groebenzell.de\/index.php\/wp-json\/wp\/v2\/pages\/1485\/revisions\/1489"}],"wp:attachment":[{"href":"https:\/\/tt-groebenzell.de\/index.php\/wp-json\/wp\/v2\/media?parent=1485"}],"curies":[{"name":"wp","href":"https:\/\/api.w.org\/{rel}","templated":true}]}}